5).
-14
Let g(u) = -u**2 + 20*u + 99. Determine g(-4).
3
Let c(t) = t + 22. What is c(0)?
22
Let j(m) = m**2 - 8*m + 7. Give j(5).
-8
Let z(a) = -a - 1. Determine z(14).
-15
Let p(s) = -s**3 + 11*s**2 - 6*s + 7. Determine p(11).
-59
Let v(s) = -3*s - 7. What is v(-4)?
5
Let b(i) = 33*i - 5. Calculate b(1).
28
Let w(m) = m**2 - 4*m + 4. Calculate w(4).
4
Let n(p) = -4*p - 7. Give n(-8).
25
Let q(j) = -2*j**2 + 10*j + 3. Give q(5).
3
Let q(j) = -j**3 + 39*j**2 - 73*j - 42. Calculate q(37).
-5
Let p(d) = d**3 - 14*d**2 + d + 38. Calculate p(14).
52
Let c(i) = -i**2 + 4*i + 2. Give c(5).
-3
Let y(l) = l**2 - 10*l - 52. Calculate y(18).
92
Let l(i) = i + 1. Determine l(-15).
-14
Let m(v) = 2*v**3 + 38*v**2 - 35*v + 92. Determine m(-20).
-8
Let p(f) = f**2 + 10*f + 12. Give p(-7).
-9
Let q(z) = 7*z**2 + 2*z - 4. Determine q(1).
5
Let s(h) = 12*h - 112. Calculate s(9).
-4
Let u(v) = 42*v. Calculate u(3).
126
Let b(a) = a - 8. Determine b(0).
-8
Let w(m) = -m**3 + 19*m**2 - m + 63. What is w(19)?
44
Let x(v) = -v - 47. Determine x(0).
-47
Let u(s) = 27*s - 2. Give u(1).
25
Let b(z) = z**2 - 32*z + 261. What is b(15)?
6
Let l(w) = 2*w + 18. What is l(-9)?
0
Let r(u) = -u**3 - 6*u**2 - 12. What is r(-7)?
37
Let g(s) = -4*s + 20. Determine g(21).
-64
Let i(u) = -u**3 - 2*u**2 - u - 21. Calculate i(0).
-21
Let s(c) = 2*c**2 + 2*c. Determine s(3).
24
Let k(v) = -v + 17. Determine k(8).
9
Let r(c) = 11*c - 4. Give r(3).
29
Let j(o) = 4*o + 5. Determine j(5).
25
Let s(n) = -n**2 - 16*n - 8. Determine s(-16).
-8
Let u(x) = 2*x**2 - 41*x - 12. Calculate u(20).
-32
Let j(v) = -4*v + 44. Give j(-4).
60
Let b(m) = 9*m + 8. What is b(-9)?
-73
Let y(s) = s**3 + 50*s**2 - 3*s - 83. Determine y(-50).
67
Let n(y) = y**2 - 9*y + 16. What is n(8)?
8
Let j(c) = -c**3 + 3*c**2 - c - 1. Determine j(3).
-4
Let n(d) = -4*d**2 + 4*d - 4. Give n(3).
-28
Let o(p) = -p**2 - 10*p + 8. Calculate o(-10).
8
Let g(l) = l**3 - 20*l**2 + 18*l + 13. Calculate g(19).
-6
Let n(b) = -b + 11. Determine n(3).
8
Let g(l) = -5*l - 26. What is g(-9)?
19
Let f(v) = v**3 - 7*v**2 + 2*v - 21. Give f(7).
-7
Let p(t) = -t**2 - 6*t - 3. Determine p(-2).
5
Let z(y) = -y**3 - 9*y**2 - 8*y - 8. Give z(-8).
-8
Let y(c) = -10*c + 124. Calculate y(13).
-6
Let x(m) = m**3 - 3*m + 9. Calculate x(0).
9
Let u(h) = -7*h**2 + 8*h - 2. Calculate u(-4).
-146
Let g(q) = q**3 - 3*q**2 + 5*q - 2. Determine g(2).
4
Let o(i) = -2*i. What is o(-4)?
8
Let a(b) = -2*b**2 + 50*b - 268. What is a(17)?
4
Let d(m) = 4*m + 88. Determine d(-21).
4
Let x(s) = s**3 - 5*s**2 - 3*s + 7. Calculate x(5).
-8
Let r(n) = 10*n**2 - 10*n - 8. What is r(-1)?
12
Let h(w) = -w - 2. What is h(-10)?
8
Let r(c) = c**2 - 21*c - 67. What is r(24)?
5
Let c(f) = 2*f**2 - f - 9. Give c(7).
82
Let c(d) = -3*d - 14. Calculate c(5).
-29
Let i(u) = 3*u + 54. Determine i(-23).
-15
Let y(c) = 39*c + 304. Determine y(-8).
-8
Let i(b) = -b**3 + 5*b**2 + 15*b - 7. What is i(7)?
0
Let i(u) = 23*u + 8. Calculate i(-2).
-38
Let s(g) = -g**3 - 5*g**2 + 9*g + 17. Determine s(-7).
52
Let j(s) = s**2 + s - 6. What is j(3)?
6
Let j(m) = -m + 24. Give j(-13).
37
Let q(i) = 13*i + 45. Give q(-7).
-46
Let x(d) = -d**2. What is x(-7)?
-49
Let w(b) = -b**3 - 8*b**2 + b + 11. What is w(-7)?
-45
Let q(m) = -6*m**3 + m**2 + 2*m + 2. Give q(-1).
7
Let z(m) = m**3 - 7*m**2 - 7*m - 3. Determine z(8).
5
Let m(s) = 69*s + 10. Give m(-1).
-59
Let w(j) = -j. Give w(-3).
3
Let l(x) = -3*x**2 + 56*x - 27. Calculate l(18).
9
Let p(w) = -4*w**2 - 4*w - 6. Calculate p(-2).
-14
Let o(j) = -2*j**3 + 13*j**2 + 3*j + 13. Give o(7).
-15
Let p(q) = -q**3 - 6*q**2 - 2*q - 4. Calculate p(-6).
8
Let s(l) = -2*l**3 - l**2 - 2*l - 49. Calculate s(0).
-49
Let d(h) = 5*h - 1. Calculate d(-1).
-6
Let q(w) = -w**2 + 6*w + 8. What is q(7)?
1
Let c(k) = -2*k**3 + 3*k**2 - 4*k + 4. What is c(2)?
-8
Let h(j) = j**3 - 5*j**2 + 3*j - 17. What is h(5)?
-2
Let w(j) = 2*j + 3. What is w(2)?
7
Let b(d) = -4*d + 99. Determine b(26).
-5
Let x(z) = 2*z + 5. Calculate x(-3).
-1
Let s(b) = -28*b - 1071. Calculate s(-38).
-7
Let z(v) = -11*v**2 - 5*v + 4. Determine z(-3).
-80
Let b(c) = -c**3 - c**2 + 2*c + 2. Give b(-1).
0
Let r(z) = 7*z**2 - 6*z + 4. Calculate r(2).
20
Let c(j) = j**3 + 13*j**2 + 14*j - 7. What is c(-12)?
-31
Let t(o) = -o + 9. Determine t(13).
-4
Let w(p) = -p**2 + 41*p - 356. Calculate w(29).
-8
Let a(q) = q**2 - 22*q + 14. Determine a(21).
-7
Let b(u) = 3*u + 123. Determine b(29).
210
Let k(f) = f**2 - 31. Determine k(7).
18
Let f(h) = -11*h - 39. Give f(-5).
16
Let m(a) = -a**2 + 28*a - 1. Determine m(27).
26
Let q(r) = -18*r + 3. Give q(1).
-15
Let i(c) = -4*c**2 + 15*c + 16. Calculate i(-1).
-3
Let n(p) = -p**3 - p**2 - p + 18. Determine n(0).
18
Let v(i) = 2*i**2 - 20*i + 6. What is v(10)?
6
Let o(d) = 2*d**2 + 12*d - 37. Calculate o(-8).
-5
Let p(l) = 24*l - 79. Determine p(6).
65
Let p(r) = r - 2. Give p(4).
2
Let f(d) = 5*d + 4. What is f(2)?
14
Let i(s) = 2*s - 16. Give i(11).
6
Let s(l) = 2*l**2 + 2*l - 14. Determine s(5).
46
Let j(y) = 2*y - 10. What is j(7)?
4
Let i(q) = -q**3 + 3*q**2 + 8*q + 5. Give i(5).
-5
Let b(f) = 10*f. What is b(3)?
30
Let r(p) = -10*p + 7. Give r(4).
-33
Let n(c) = -2*c**2 - 27*c + 36. Give n(-14).
22
Let q(b) = -b**2 + 21*b - 11. Determine q(20).
9
Let x(u) = 2*u + 12. Calculate x(-4).
4
Let x(d) = -d**3 + 9*d**2 + 36*d + 17. Determine x(12).
17
Let u(s) = 5*s - 6. What is u(2)?
4
Let d(y) = y + 6. Calculate d(5).
11
Let c(l) = -2*l + 10. Determine c(5).
0
Let n(i) = -i**3 - 3*i**2 + 4*i + 4. Determine n(-5).
34
Let u(b) = -b**3 - 16*b**2 - 2*b - 18. What is u(-16)?
14
Let d(m) = -m - 1. What is d(-19)?
18
Let j(f) = 42*f**2 + 2*f + 3. Determine j(-1).
43
Let w(z) = z**2 - z - 17. Determine w(6).
13
Let j(d) = -d**3 + 7*d**2 + 11*d - 4. Determine j(8).
20
Let s(v) = -v**3 + v**2 - 63. Determine s(0).
-63
Let j(n) = -91*n + 548. Determine j(6).
2
Let m(r) = 2*r**2 + 3*r - 27. What is m(7)?
92
Let o(t) = t**2 - 113. Calculate o(-11).
8
Let p(s) = -s**3 - 10*s**2 - 7*s + 54. What is p(-9)?
36
Let r(i) = -12*i + 79. What is r(7)?
-5
Let t(z) = -12*z + 24. Determine t(6).
-48
Let k(o) = o**3 + 14*o**2 - 15*o - 9. Give k(-15).
-9
Let g(v) = -8*v + 106. Give g(14).
-6
Let a(r) = -r**3 - 35*r**2 - 2*r - 60. Calculate a(-35).
10
Let r(l) = l**3 + 6*l**2 + 8*l - 6. Give r(-6).
-54
Let y(m) = -m**2 - 19*m - 85. Determine y(-7).
-1
Let i(v) = 21*v**3 - v**2. Give i(-1).
-22
Let o(q) = -13*q + 87. Give o(5).
22
Let b(k) = -113*k + 562. Calculate b(5).
-3
Let w(p) = 4*p**2 + 56*p - 48. Calculate w(-15).
12
Let u(a) = a - 12. Determine u(-9).
-21
Let p(l) = l + 2. Calculate p(-13).
-11
Let q(s) = -s**2 - 5*s - 1. Calculate q(-3).
5
Let p(j) = -4*j - 20. What is p(-10)?
20
Let f(q) = q**3 - 11*q**2 - 19*q + 13. Give f(12).
-71
Let x(m) = m**3 - 10*m**2 - 11*m - 3. Calculate x(11).
-3
Let r(u) = 21*u - 58. Determine r(4).
26
Let b(n) = n**2 + 6*n + 4. Calculate b(-7).
11
Let c(i) = i**2 + 11*i + 2. Calculate c(-7).
-26
Let n(r) = -r**3 - 6*r**2 - 4*r - 6. Determine n(-6).
18
Let m(g) = g**3 - 10*g**2 + 19*g + 4. What is m(6)?
-26
Let l(b) = 15*b**3 + b + 1. What is l(-1)?
-15
Let i(f) = f**2 - 4*f + 14. What is i(7)?
35
Let c(l) = 85*l - 428. Determine c(5).
-3
Let f(r) = -r**3 - 4*r**2 + 6*r + 2. Give f(-4).
-22
Let x(a) = -6*a + 130. What is x(23)?
-8
Let a(x) = x**3 - 8*x**2 + 13*x - 14. Give a(8).
90
Let m(x) = 29*x - 4. Calculate m(-2).
-62
Let i(j) = -j**2 + 14*j - 54. Give i(4).
-14
Let i(p) = 2*p + 21. What is i(-9)?
3
Let q(u) = -3*u + 67. What is q(34)?
-35
Let p(m) = -m**3 + 3*m**2 - m - 3. Give p(3).
-6
Let p(c) = -c**2 + 7*c - 10. Give p(-7).
-108
Let v(a) = 2*a**2 - 2*a - 2. What is v(4)?
22
Let k(q) = q**3 + 2*q**2 - 13. Determine k(0).
-13
Let p(v) = v**3 - 4*v**2 - 7*v - 4. Calculate p(6).
26
Let x(i) = -9*i + 11. Calculate x(5).
-34
Let c(d) = -3*d**2 + 1. Calculate c(1).
-2
Let f(k) = -3*k + 1. What is f(2)?
-5
Let s(l) = -2*l**2 + 12*l - 13. Give s(3).
5
Let z(a) = -a - 3. Determine z(-6).
3
Let j(y) = -2*y**2 - 9*y - 2. What is j(-5)?
-7
Let n(z) = z**3 + 14*z**2 + 14*z + 21. Calculate n(-13).
8
Let x(n) = -2*n**3 + 3*n**2 + n + 4. Give x(3).
-20
Let n(i) = i**2 + i - 4. Calculate n(5).
26
Let f(u) = 2*u**2 - 3*u. What is f(-3)?
27
Let s(p) = 8*p +